{"id":330,"date":"2016-04-05T14:01:19","date_gmt":"2016-04-05T13:01:19","guid":{"rendered":"https:\/\/www.louisfavre21.ch\/en\/accueil\/"},"modified":"2019-06-12T11:24:50","modified_gmt":"2019-06-12T10:24:50","slug":"accueil","status":"publish","type":"page","link":"https:\/\/www.louisfavre21.ch\/en\/","title":{"rendered":"Home"},"content":{"rendered":"<div class=\"wpb-content-wrapper\">[mk_page_section bg_image=&#8221;https:\/\/www.louisfavre21.ch\/wp-content\/uploads\/2016\/04\/LF_21_Tableau_Home_page.jpg&#8221; attachment=&#8221;fixed&#8221; bg_stretch=&#8221;true&#8221; min_height=&#8221;0&#8243; padding_top=&#8221;0&#8243; padding_bottom=&#8221;0&#8243; skip_arrow=&#8221;true&#8221; top_shape_color=&#8221;#ffffff&#8221; bottom_shape_color=&#8221;#ffffff&#8221; sidebar=&#8221;sidebar-1&#8243;][vc_column][vc_empty_space height=&#8221;100px&#8221;][vc_single_image image=&#8221;24&#8243; img_size=&#8221;full&#8221; alignment=&#8221;center&#8221; css_animation=&#8221;top-to-bottom&#8221;][vc_empty_space height=&#8221;100px&#8221;][mk_fancy_title tag_name=&#8221;h1&#8243; font_family=&#8221;none&#8221; el_class=&#8221;seoh1title&#8221;]Le Louis-Favre 21 est un bed and breakfast situ\u00e9 \u00e0 5 minutes du centre-ville de Neuch\u00e2tel et de sa gare ferroviaire. A 900 m\u00e8tres du lac, jouissez d\u2019un environnement paisible et anim\u00e9 pour un s\u00e9jour des plus agr\u00e9able. Cette chambre d\u2019h\u00f4tes de charme vous propose \u00e9galement la location d\u2019un grand appartement ind\u00e9pendant pour des s\u00e9jours de courte dur\u00e9e.[\/mk_fancy_title][\/vc_column][\/mk_page_section][vc_row fullwidth=&#8221;true&#8221;][vc_column][vc_column_text]\n<!-- UberMenu [Configuration:main] [Theme Loc:] [Integration:api] -->\n<a class=\"ubermenu-responsive-toggle ubermenu-responsive-toggle-main ubermenu-skin-grey-white ubermenu-loc- ubermenu-responsive-toggle-content-align-left ubermenu-responsive-toggle-align-full \" data-ubermenu-target=\"ubermenu-main-2\"><i class=\"fa fa-bars\"><\/i>Menu<\/a><nav id=\"ubermenu-main-2\" class=\"ubermenu ubermenu-nojs ubermenu-main ubermenu-menu-2 ubermenu-responsive ubermenu-responsive-default ubermenu-responsive-collapse ubermenu-horizontal ubermenu-transition-shift ubermenu-trigger-hover_intent ubermenu-skin-grey-white  ubermenu-bar-align-full ubermenu-items-align-center ubermenu-bound ubermenu-disable-submenu-scroll ubermenu-sub-indicators ubermenu-retractors-responsive\"><ul id=\"ubermenu-nav-main-2\" class=\"ubermenu-nav\"><li id=\"menu-item-398\" class=\"ubermenu-item ubermenu-item-type-post_type ubermenu-item-object-page ubermenu-item-home ubermenu-item-398 ubermenu-item-level-0 ubermenu-column ubermenu-column-auto\" ><a class=\"ubermenu-target ubermenu-item-layout-default ubermenu-item-layout-text_only\" href=\"https:\/\/www.louisfavre21.ch\/en\/\" tabindex=\"0\"><span class=\"ubermenu-target-title ubermenu-target-text\">Home<\/span><\/a><\/li><li id=\"menu-item-397\" class=\"ubermenu-item ubermenu-item-type-post_type ubermenu-item-object-page ubermenu-item-397 ubermenu-item-level-0 ubermenu-column ubermenu-column-auto\" ><a class=\"ubermenu-target ubermenu-item-layout-default ubermenu-item-layout-text_only\" href=\"https:\/\/www.louisfavre21.ch\/en\/bnb-centre-ville-neuchatel\/\" tabindex=\"0\"><span class=\"ubermenu-target-title ubermenu-target-text\">The rooms<\/span><\/a><\/li><li id=\"menu-item-396\" class=\"ubermenu-item ubermenu-item-type-post_type ubermenu-item-object-page ubermenu-item-396 ubermenu-item-level-0 ubermenu-column ubermenu-column-auto\" ><a class=\"ubermenu-target ubermenu-item-layout-default ubermenu-item-layout-text_only\" href=\"https:\/\/www.louisfavre21.ch\/en\/location-appartement-courte-duree-neuchatel\/\" tabindex=\"0\"><span class=\"ubermenu-target-title ubermenu-target-text\">The apartment<\/span><\/a><\/li><li id=\"menu-item-707\" class=\"ubermenu-item ubermenu-item-type-custom ubermenu-item-object-custom ubermenu-item-707 ubermenu-item-level-0 ubermenu-column ubermenu-column-auto\" ><a class=\"ubermenu-target ubermenu-item-layout-default ubermenu-item-layout-text_only\" target=\"_blank\" href=\"https:\/\/direct-book.com\/properties\/bandblouisfavredirect?locale=en\" tabindex=\"0\"><span class=\"ubermenu-target-title ubermenu-target-text\">Reservation<\/span><\/a><\/li><li id=\"menu-item-395\" class=\"ubermenu-item ubermenu-item-type-post_type ubermenu-item-object-page ubermenu-item-395 ubermenu-item-level-0 ubermenu-column ubermenu-column-auto\" ><a class=\"ubermenu-target ubermenu-item-layout-default ubermenu-item-layout-text_only\" href=\"https:\/\/www.louisfavre21.ch\/en\/hotel-petit-dejeuner-inclus-neuchatel\/\" tabindex=\"0\"><span class=\"ubermenu-target-title ubermenu-target-text\">Chill out corner<\/span><\/a><\/li><li id=\"menu-item-393\" class=\"ubermenu-item ubermenu-item-type-post_type ubermenu-item-object-page ubermenu-item-393 ubermenu-item-level-0 ubermenu-column ubermenu-column-auto\" ><a class=\"ubermenu-target ubermenu-item-layout-default ubermenu-item-layout-text_only\" href=\"https:\/\/www.louisfavre21.ch\/en\/bnb-neuchatel-avec-wifi\/\" tabindex=\"0\"><span class=\"ubermenu-target-title ubermenu-target-text\">Gift voucher<\/span><\/a><\/li><li id=\"menu-item-391\" class=\"ubermenu-item ubermenu-item-type-post_type ubermenu-item-object-page ubermenu-item-391 ubermenu-item-level-0 ubermenu-column ubermenu-column-auto\" ><a class=\"ubermenu-target ubermenu-item-layout-default ubermenu-item-layout-text_only\" href=\"https:\/\/www.louisfavre21.ch\/en\/contact\/\" tabindex=\"0\"><span class=\"ubermenu-target-title ubermenu-target-text\">Contact<\/span><\/a><\/li><li id=\"menu-item-wpml-ls-2-fr\" class=\"menu-item-language ubermenu-item ubermenu-wpml-ls-slot-2 ubermenu-wpml-ls-item ubermenu-wpml-ls-item-fr ubermenu-wpml-ls-menu-item ubermenu-wpml-ls-first-item ubermenu-item-type-wpml_ls_menu_item ubermenu-item-object-wpml_ls_menu_item ubermenu-item-wpml-ls-2-fr ubermenu-item-level-0 ubermenu-column ubermenu-column-auto\" ><a class=\"ubermenu-target ubermenu-item-layout-default ubermenu-item-layout-text_only\" title=\"Switch to French\" href=\"https:\/\/www.louisfavre21.ch\/\" tabindex=\"0\" aria-label=\"Switch to French\" role=\"menuitem\"><span class=\"ubermenu-target-title ubermenu-target-text\"><img decoding=\"async\"\n            class=\"wpml-ls-flag\"\n            src=\"https:\/\/www.louisfavre21.ch\/wp-content\/plugins\/sitepress-multilingual-cms\/res\/flags\/fr.png\"\n            alt=\"French\"\n            \n            \n    \/><\/span><\/a><\/li><li id=\"menu-item-wpml-ls-2-en\" class=\"menu-item-language menu-item-language-current ubermenu-item ubermenu-wpml-ls-slot-2 ubermenu-wpml-ls-item ubermenu-wpml-ls-item-en ubermenu-wpml-ls-current-language ubermenu-wpml-ls-menu-item ubermenu-item-type-wpml_ls_menu_item ubermenu-item-object-wpml_ls_menu_item ubermenu-item-wpml-ls-2-en ubermenu-item-level-0 ubermenu-column ubermenu-column-auto\" ><a class=\"ubermenu-target ubermenu-item-layout-default ubermenu-item-layout-text_only\" href=\"https:\/\/www.louisfavre21.ch\/en\/\" tabindex=\"0\" role=\"menuitem\"><span class=\"ubermenu-target-title ubermenu-target-text\"><img decoding=\"async\"\n            class=\"wpml-ls-flag\"\n            src=\"https:\/\/www.louisfavre21.ch\/wp-content\/plugins\/sitepress-multilingual-cms\/res\/flags\/en.png\"\n            alt=\"English\"\n            \n            \n    \/><\/span><\/a><\/li><li id=\"menu-item-wpml-ls-2-de\" class=\"menu-item-language ubermenu-item ubermenu-wpml-ls-slot-2 ubermenu-wpml-ls-item ubermenu-wpml-ls-item-de ubermenu-wpml-ls-menu-item ubermenu-wpml-ls-last-item ubermenu-item-type-wpml_ls_menu_item ubermenu-item-object-wpml_ls_menu_item ubermenu-item-wpml-ls-2-de ubermenu-item-level-0 ubermenu-column ubermenu-column-auto\" ><a class=\"ubermenu-target ubermenu-item-layout-default ubermenu-item-layout-text_only\" title=\"Switch to German\" href=\"https:\/\/www.louisfavre21.ch\/de\/\" tabindex=\"0\" aria-label=\"Switch to German\" role=\"menuitem\"><span class=\"ubermenu-target-title ubermenu-target-text\"><img decoding=\"async\"\n            class=\"wpml-ls-flag\"\n            src=\"https:\/\/www.louisfavre21.ch\/wp-content\/plugins\/sitepress-multilingual-cms\/res\/flags\/de.png\"\n            alt=\"German\"\n            \n            \n    \/><\/span><\/a><\/li><\/ul><\/nav>\n<!-- End UberMenu -->\n[\/vc_column_text][vc_column_text][\/vc_column_text][vc_column_text css=&#8221;.vc_custom_1560335088140{margin-bottom: 0px !important;padding-top: 40px !important;}&#8221;]\n<h3 style=\"text-align: center;\"><span style=\"font-size: large;\"><span lang=\"en-US\">An innovative accommodation at affordable prices,<br \/>in a contempory, friendly and professional atmosphere.<\/span><\/span><\/h3>\n<h3 style=\"text-align: center;\"><span style=\"font-size: large;\"><span lang=\"en-US\">8 rooms and 1 apartment<\/span><\/span><\/h3>\n[\/vc_column_text][\/vc_column][\/vc_row][vc_row css=&#8221;.vc_custom_1463047930052{padding-top: 100px !important;padding-bottom: 20px !important;}&#8221;][vc_column width=&#8221;1\/2&#8243;][mk_fancy_title font_family=&#8221;none&#8221; align=&#8221;center&#8221;]Features[\/mk_fancy_title][vc_column_text]\n<ul>\n<li><strong>5min walk from the train station<\/strong><\/li>\n<li><strong>5min walk from the center of town and the lake<\/strong><\/li>\n<li><strong>Public transport within 30m<\/strong><\/li>\n<li><strong>Free limited parking<\/strong><\/li>\n<li>Free WiFi<\/li>\n<li>Breakfast is included in our prices<\/li>\n<li>Tourist information on request<\/li>\n<li>Bicycle rent<\/li>\n<li>Use of laundry on request<\/li>\n<li>The daily city tax entitles you to free public transport within the whole<\/li>\n<li>canton of Neuch\u00e2tel during your stay<\/li>\n<\/ul>\n[\/vc_column_text][\/vc_column][vc_column width=&#8221;1\/4&#8243;][vc_single_image image=&#8221;432&#8243; img_size=&#8221;300&#215;232&#8243;][vc_single_image image=&#8221;431&#8243; img_size=&#8221;300&#215;232&#8243;][\/vc_column][vc_column width=&#8221;1\/4&#8243;][vc_single_image image=&#8221;433&#8243; img_size=&#8221;300&#215;232&#8243;][vc_single_image image=&#8221;434&#8243; img_size=&#8221;300&#215;232&#8243;][\/vc_column][\/vc_row][vc_row css=&#8221;.vc_custom_1463045580722{padding-top: 50px !important;padding-bottom: 100px !important;}&#8221;][vc_column][vc_column_text]\n<p style=\"text-align: center;\">An innovative accommodation at affordable prices,<br \/>\nin a contempory, friendly and professional atmosphere.<\/p>\n<p style=\"text-align: center;\">8 rooms and 1 apartment<\/p>\n[\/vc_column_text][\/vc_column][\/vc_row]\n<\/div>","protected":false},"excerpt":{"rendered":"<p>[mk_page_section bg_image=&#8221;https:\/\/www.louisfavre21.ch\/wp-content\/uploads\/2016\/04\/LF_21_Tableau_Home_page.jpg&#8221; attachment=&#8221;fixed&#8221; bg_stretch=&#8221;true&#8221; min_height=&#8221;0&#8243; padding_top=&#8221;0&#8243; padding_bottom=&#8221;0&#8243; skip_arrow=&#8221;true&#8221; top_shape_color=&#8221;#ffffff&#8221; bottom_shape_color=&#8221;#ffffff&#8221; sidebar=&#8221;sidebar-1&#8243;][vc_column][vc_empty_space height=&#8221;100px&#8221;][vc_single_image image=&#8221;24&#8243; img_size=&#8221;full&#8221; alignment=&#8221;center&#8221; css_animation=&#8221;top-to-bottom&#8221;][vc_empty_space height=&#8221;100px&#8221;][mk_fancy_title tag_name=&#8221;h1&#8243; font_family=&#8221;none&#8221; el_class=&#8221;seoh1title&#8221;]Le Louis-Favre 21 est un bed and breakfast situ\u00e9 \u00e0 5 minutes du centre-ville de Neuch\u00e2tel et de sa gare ferroviaire. A 900 m\u00e8tres du lac, jouissez d\u2019un environnement paisible et anim\u00e9 pour un s\u00e9jour des [&hellip;]<\/p>\n","protected":false},"author":2,"featured_media":0,"parent":0,"menu_order":0,"comment_status":"closed","ping_status":"closed","template":"","meta":{"footnotes":""},"class_list":["post-330","page","type-page","status-publish","hentry"],"aioseo_notices":[],"_links":{"self":[{"href":"https:\/\/www.louisfavre21.ch\/en\/wp-json\/wp\/v2\/pages\/330","targetHints":{"allow":["GET"]}}],"collection":[{"href":"https:\/\/www.louisfavre21.ch\/en\/wp-json\/wp\/v2\/pages"}],"about":[{"href":"https:\/\/www.louisfavre21.ch\/en\/wp-json\/wp\/v2\/types\/page"}],"author":[{"embeddable":true,"href":"https:\/\/www.louisfavre21.ch\/en\/wp-json\/wp\/v2\/users\/2"}],"replies":[{"embeddable":true,"href":"https:\/\/www.louisfavre21.ch\/en\/wp-json\/wp\/v2\/comments?post=330"}],"version-history":[{"count":7,"href":"https:\/\/www.louisfavre21.ch\/en\/wp-json\/wp\/v2\/pages\/330\/revisions"}],"predecessor-version":[{"id":609,"href":"https:\/\/www.louisfavre21.ch\/en\/wp-json\/wp\/v2\/pages\/330\/revisions\/609"}],"wp:attachment":[{"href":"https:\/\/www.louisfavre21.ch\/en\/wp-json\/wp\/v2\/media?parent=330"}],"curies":[{"name":"wp","href":"https:\/\/api.w.org\/{rel}","templated":true}]}}

<div class="wpb-content-wrapper">[mk_page_section bg_image=&#8221;https://www.louisfavre21.ch/wp-content/uploads/2016/04/LF_21_Tableau_Home_page.jpg&#8221; attachment=&#8221;fixed&#8221; bg_stretch=&#8221;true&#8221; min_height=&#8221;0&#8243; padding_top=&#8221;0&#8243; padding_bottom=&#8221;0&#8243; skip_arrow=&#8221;true&#8221; top_shape_color=&#8221;#ffffff&#8221; bottom_shape_color=&#8221;#ffffff&#8221; sidebar=&#8221;sidebar-1&#8243;][vc_column][vc_empty_space height=&#8221;100px&#8221;][vc_single_image image=&#8221;24&#8243; img_size=&#8221;full&#8221; alignment=&#8221;center&#8221; css_animation=&#8221;top-to-bottom&#8221;][vc_empty_space height=&#8221;100px&#8221;][mk_fancy_title tag_name=&#8221;h1&#8243; font_family=&#8221;none&#8221; el_class=&#8221;seoh1title&#8221;]Le Louis-Favre 21 est un bed and breakfast situé à 5 minutes du centre-ville de Neuchâtel et de sa gare ferroviaire. A 900 mètres du lac, jouissez d’un environnement paisible et animé pour un séjour des plus agréable. Cette chambre d’hôtes de charme vous propose également la location d’un grand appartement indépendant pour des séjours de courte durée.[/mk_fancy_title][/vc_column][/mk_page_section][vc_row fullwidth=&#8221;true&#8221;][vc_column][vc_column_text]
<!-- UberMenu [Configuration:main] [Theme Loc:] [Integration:api] -->
<a class="ubermenu-responsive-toggle ubermenu-responsive-toggle-main ubermenu-skin-grey-white ubermenu-loc- ubermenu-responsive-toggle-content-align-left ubermenu-responsive-toggle-align-full " data-ubermenu-target="ubermenu-main-2"><i class="fa fa-bars"></i>Menu</a><nav id="ubermenu-main-2" class="ubermenu ubermenu-nojs ubermenu-main ubermenu-menu-2 ubermenu-responsive ubermenu-responsive-default ubermenu-responsive-collapse ubermenu-horizontal ubermenu-transition-shift ubermenu-trigger-hover_intent ubermenu-skin-grey-white  ubermenu-bar-align-full ubermenu-items-align-center ubermenu-bound ubermenu-disable-submenu-scroll ubermenu-sub-indicators ubermenu-retractors-responsive"><ul id="ubermenu-nav-main-2" class="ubermenu-nav"><li id="menu-item-398" class="ubermenu-item ubermenu-item-type-post_type ubermenu-item-object-page ubermenu-item-home ubermenu-item-398 ubermenu-item-level-0 ubermenu-column ubermenu-column-auto" ><a class="ubermenu-target ubermenu-item-layout-default ubermenu-item-layout-text_only" href="https://www.louisfavre21.ch/en/" tabindex="0"><span class="ubermenu-target-title ubermenu-target-text">Home</span></a></li><li id="menu-item-397" class="ubermenu-item ubermenu-item-type-post_type ubermenu-item-object-page ubermenu-item-397 ubermenu-item-level-0 ubermenu-column ubermenu-column-auto" ><a class="ubermenu-target ubermenu-item-layout-default ubermenu-item-layout-text_only" href="https://www.louisfavre21.ch/en/bnb-centre-ville-neuchatel/" tabindex="0"><span class="ubermenu-target-title ubermenu-target-text">The rooms</span></a></li><li id="menu-item-396" class="ubermenu-item ubermenu-item-type-post_type ubermenu-item-object-page ubermenu-item-396 ubermenu-item-level-0 ubermenu-column ubermenu-column-auto" ><a class="ubermenu-target ubermenu-item-layout-default ubermenu-item-layout-text_only" href="https://www.louisfavre21.ch/en/location-appartement-courte-duree-neuchatel/" tabindex="0"><span class="ubermenu-target-title ubermenu-target-text">The apartment</span></a></li><li id="menu-item-707" class="ubermenu-item ubermenu-item-type-custom ubermenu-item-object-custom ubermenu-item-707 ubermenu-item-level-0 ubermenu-column ubermenu-column-auto" ><a class="ubermenu-target ubermenu-item-layout-default ubermenu-item-layout-text_only" target="_blank" href="https://direct-book.com/properties/bandblouisfavredirect?locale=en" tabindex="0"><span class="ubermenu-target-title ubermenu-target-text">Reservation</span></a></li><li id="menu-item-395" class="ubermenu-item ubermenu-item-type-post_type ubermenu-item-object-page ubermenu-item-395 ubermenu-item-level-0 ubermenu-column ubermenu-column-auto" ><a class="ubermenu-target ubermenu-item-layout-default ubermenu-item-layout-text_only" href="https://www.louisfavre21.ch/en/hotel-petit-dejeuner-inclus-neuchatel/" tabindex="0"><span class="ubermenu-target-title ubermenu-target-text">Chill out corner</span></a></li><li id="menu-item-393" class="ubermenu-item ubermenu-item-type-post_type ubermenu-item-object-page ubermenu-item-393 ubermenu-item-level-0 ubermenu-column ubermenu-column-auto" ><a class="ubermenu-target ubermenu-item-layout-default ubermenu-item-layout-text_only" href="https://www.louisfavre21.ch/en/bnb-neuchatel-avec-wifi/" tabindex="0"><span class="ubermenu-target-title ubermenu-target-text">Gift voucher</span></a></li><li id="menu-item-391" class="ubermenu-item ubermenu-item-type-post_type ubermenu-item-object-page ubermenu-item-391 ubermenu-item-level-0 ubermenu-column ubermenu-column-auto" ><a class="ubermenu-target ubermenu-item-layout-default ubermenu-item-layout-text_only" href="https://www.louisfavre21.ch/en/contact/" tabindex="0"><span class="ubermenu-target-title ubermenu-target-text">Contact</span></a></li><li id="menu-item-wpml-ls-2-fr" class="menu-item-language ubermenu-item ubermenu-wpml-ls-slot-2 ubermenu-wpml-ls-item ubermenu-wpml-ls-item-fr ubermenu-wpml-ls-menu-item ubermenu-wpml-ls-first-item ubermenu-item-type-wpml_ls_menu_item ubermenu-item-object-wpml_ls_menu_item ubermenu-item-wpml-ls-2-fr ubermenu-item-level-0 ubermenu-column ubermenu-column-auto" ><a class="ubermenu-target ubermenu-item-layout-default ubermenu-item-layout-text_only" title="Switch to French" href="https://www.louisfavre21.ch/" tabindex="0" aria-label="Switch to French" role="menuitem"><span class="ubermenu-target-title ubermenu-target-text"><img decoding="async"
            class="wpml-ls-flag"
            src="https://www.louisfavre21.ch/wp-content/plugins/sitepress-multilingual-cms/res/flags/fr.png"
            alt="French"
            
            
    /></span></a></li><li id="menu-item-wpml-ls-2-en" class="menu-item-language menu-item-language-current ubermenu-item ubermenu-wpml-ls-slot-2 ubermenu-wpml-ls-item ubermenu-wpml-ls-item-en ubermenu-wpml-ls-current-language ubermenu-wpml-ls-menu-item ubermenu-item-type-wpml_ls_menu_item ubermenu-item-object-wpml_ls_menu_item ubermenu-item-wpml-ls-2-en ubermenu-item-level-0 ubermenu-column ubermenu-column-auto" ><a class="ubermenu-target ubermenu-item-layout-default ubermenu-item-layout-text_only" href="https://www.louisfavre21.ch/en/" tabindex="0" role="menuitem"><span class="ubermenu-target-title ubermenu-target-text"><img decoding="async"
            class="wpml-ls-flag"
            src="https://www.louisfavre21.ch/wp-content/plugins/sitepress-multilingual-cms/res/flags/en.png"
            alt="English"
            
            
    /></span></a></li><li id="menu-item-wpml-ls-2-de" class="menu-item-language ubermenu-item ubermenu-wpml-ls-slot-2 ubermenu-wpml-ls-item ubermenu-wpml-ls-item-de ubermenu-wpml-ls-menu-item ubermenu-wpml-ls-last-item ubermenu-item-type-wpml_ls_menu_item ubermenu-item-object-wpml_ls_menu_item ubermenu-item-wpml-ls-2-de ubermenu-item-level-0 ubermenu-column ubermenu-column-auto" ><a class="ubermenu-target ubermenu-item-layout-default ubermenu-item-layout-text_only" title="Switch to German" href="https://www.louisfavre21.ch/de/" tabindex="0" aria-label="Switch to German" role="menuitem"><span class="ubermenu-target-title ubermenu-target-text"><img decoding="async"
            class="wpml-ls-flag"
            src="https://www.louisfavre21.ch/wp-content/plugins/sitepress-multilingual-cms/res/flags/de.png"
            alt="German"
            
            
    /></span></a></li></ul></nav>
<!-- End UberMenu -->
[/vc_column_text][vc_column_text][/vc_column_text][vc_column_text css=&#8221;.vc_custom_1560335088140{margin-bottom: 0px !important;padding-top: 40px !important;}&#8221;]
<h3 style="text-align: center;"><span style="font-size: large;"><span lang="en-US">An innovative accommodation at affordable prices,<br />in a contempory, friendly and professional atmosphere.</span></span></h3>
<h3 style="text-align: center;"><span style="font-size: large;"><span lang="en-US">8 rooms and 1 apartment</span></span></h3>
[/vc_column_text][/vc_column][/vc_row][vc_row css=&#8221;.vc_custom_1463047930052{padding-top: 100px !important;padding-bottom: 20px !important;}&#8221;][vc_column width=&#8221;1/2&#8243;][mk_fancy_title font_family=&#8221;none&#8221; align=&#8221;center&#8221;]Features[/mk_fancy_title][vc_column_text]
<ul>
<li><strong>5min walk from the train station</strong></li>
<li><strong>5min walk from the center of town and the lake</strong></li>
<li><strong>Public transport within 30m</strong></li>
<li><strong>Free limited parking</strong></li>
<li>Free WiFi</li>
<li>Breakfast is included in our prices</li>
<li>Tourist information on request</li>
<li>Bicycle rent</li>
<li>Use of laundry on request</li>
<li>The daily city tax entitles you to free public transport within the whole</li>
<li>canton of Neuchâtel during your stay</li>
</ul>
[/vc_column_text][/vc_column][vc_column width=&#8221;1/4&#8243;][vc_single_image image=&#8221;432&#8243; img_size=&#8221;300&#215;232&#8243;][vc_single_image image=&#8221;431&#8243; img_size=&#8221;300&#215;232&#8243;][/vc_column][vc_column width=&#8221;1/4&#8243;][vc_single_image image=&#8221;433&#8243; img_size=&#8221;300&#215;232&#8243;][vc_single_image image=&#8221;434&#8243; img_size=&#8221;300&#215;232&#8243;][/vc_column][/vc_row][vc_row css=&#8221;.vc_custom_1463045580722{padding-top: 50px !important;padding-bottom: 100px !important;}&#8221;][vc_column][vc_column_text]
<p style="text-align: center;">An innovative accommodation at affordable prices,<br />
in a contempory, friendly and professional atmosphere.</p>
<p style="text-align: center;">8 rooms and 1 apartment</p>
[/vc_column_text][/vc_column][/vc_row]
</div>

<p>[mk_page_section bg_image=&#8221;https://www.louisfavre21.ch/wp-content/uploads/2016/04/LF_21_Tableau_Home_page.jpg&#8221; attachment=&#8221;fixed&#8221; bg_stretch=&#8221;true&#8221; min_height=&#8221;0&#8243; padding_top=&#8221;0&#8243; padding_bottom=&#8221;0&#8243; skip_arrow=&#8221;true&#8221; top_shape_color=&#8221;#ffffff&#8221; bottom_shape_color=&#8221;#ffffff&#8221; sidebar=&#8221;sidebar-1&#8243;][vc_column][vc_empty_space height=&#8221;100px&#8221;][vc_single_image image=&#8221;24&#8243; img_size=&#8221;full&#8221; alignment=&#8221;center&#8221; css_animation=&#8221;top-to-bottom&#8221;][vc_empty_space height=&#8221;100px&#8221;][mk_fancy_title tag_name=&#8221;h1&#8243; font_family=&#8221;none&#8221; el_class=&#8221;seoh1title&#8221;]Le Louis-Favre 21 est un bed and breakfast situé à 5 minutes du centre-ville de Neuchâtel et de sa gare ferroviaire. A 900 mètres du lac, jouissez d’un environnement paisible et animé pour un séjour des [&hellip;]</p>
